se -2*o - 22 = -4*o. Suppose 7*y + 184 = o*y. Calculate the greatest common divisor of 23 and y.
23
Let d be 2*(-1)/2*-6. Let l(j) = j - 5. Let u be l(d). Let p be (u/(-3))/(3/(-63)). What is the highest common divisor of 28 and p?
7
Let o = 20 + -15. What is the greatest common factor of o and 20?
5
Let a be ((-5)/10)/((-2)/8). Suppose 4*y - a*z - 20 = 0, 2*y = -3*z + 1 + 1. Calculate the highest common factor of 2 and y.
2
Let r(z) be the third derivative of -z**4/24 - 5*z**3/3 + z**2. Let h be r(-9). Let x be h/2*(-12 - 0). What is the highest common factor of 66 and x?
6
Suppose -36 = -4*f + 4*x, -4*f - 2*x + 66 = f. Suppose 0 = 5*v + 1 + 24. Let s be (108/v)/(2/(-10)). Calculate the greatest common factor of s and f.
12
Suppose 4*s = 9*s - 45. Let u = 10 + 2. Let o be (-974)/(-12) - 2/u. What is the greatest common divisor of o and s?
9
Let n(x) = 22*x. Let f be n(1). Suppose 0 = 25*b - f*b - 84. Calculate the greatest common divisor of 42 and b.
14
Suppose -3*h + h = 4*j + 18, 6 = -5*j + 3*h. Let b(l) = 7*l**2 - 2*l + 3. Let z be b(j). Suppose 42*k - 18 = 41*k. What is the highest common factor of z and k?
18
Suppose -2*f = -4*f - 4. Let h be (7 + 1)/2 - f. What is the greatest common factor of h and 2?
2
Suppose 6 - 14 = -q. What is the greatest common divisor of 1 and q?
1
Let w be -1 + 4 + 1 + 1. What is the highest common divisor of 5 and w?
5
Suppose 3*k = 5*z - 444, 0 = -3*z - 2*k - 0*k + 274. What is the highest common factor of 9 and z?
9
Suppose 0 = 7*v - 4*v. Suppose 0 = -2*t - 4*p + 3 - 1, -3*t + p + 31 = v. What is the greatest common factor of 9 and t?
9
Let p = -11 + 16. Suppose 0 = r - 2*h - 98, -r + h = p*h - 116. What is the highest common divisor of r and 13?
13
Let l = -20 + 21. What is the greatest common divisor of 11 and l?
1
Let w = -28 + 55. Let j = -6 + w. What is the highest common factor of j and 7?
7
Suppose -o + 6*o - 700 = 0. Suppose 0 = -2*t - 0*t + o. Calculate the highest common factor of t and 28.
14
Let d be 0*(-2 + 2 + 1). Let w(p) = -2*p + d*p + 5*p - 1. Let b be w(1). What is the greatest common factor of b and 2?
2
Let u = -9 + 12. Calculate the highest common divisor of u and 24.
3
Let d(m) = 2*m**2 - m + 4. Suppose -3*f + 9 = -0, 0 = -4*p + 4*f - 28. Let q be d(p). What is the highest common divisor of q and 20?
20
Suppose -2*u = -9 - 9. Let a = 12 - u. Let b be -3*(a - 26/6). Calculate the greatest common factor of 8 and b.
4
Let r be 5/(-25) + 71/5. Calculate the highest common factor of r and 7.
7
Suppose c = 4*c. Suppose 0*m + 5*m - 120 = c. Calculate the greatest common factor of 168 and m.
24
Suppose 0*s + 4*s - 32 = 0. Let j = -45 + 133. Calculate the greatest common divisor of s and j.
8
Let y = -18 + 28. Let i(g) = -g**3 + 7*g**2 - g + 10. Let f be i(7). Let b be 2*f - (-2 + 3). What is the greatest common divisor of b and y?
5
Suppose 2*j + 2*d - 138 = j, -2*j + d = -291. Calculate the greatest common factor of j and 16.
16
Let u be (-6)/4*(-44)/6. Let g(m) = -m + 16. Let i be g(u). Calculate the highest common divisor of i and 55.
5
Suppose 5*v - 1 = -6. Let y = 16 + v. Calculate the greatest common factor of y and 10.
5
Let y(u) = 5*u - 28. Let j be y(6). Calculate the highest common divisor of 10 and j.
2
Suppose 5*b - 303 = 2*b. Let r = b - 69. Calculate the highest common divisor of 4 and r.
4
Let a = 298 + -208. Calculate the greatest common factor of 10 and a.
10
Let y(x) = x + 8. Let k be y(0). Let u be 107*(2 - (1 - -2)). Let v = -75 - u. Calculate the greatest common divisor of k and v.
8
Let r(d) = d**3 + 6*d**2 - 4*d - 4. Let z be r(-6). Calculate the highest common divisor of 40 and z.
20
Let q(l) be the third derivative of -l**6/120 - 7*l**5/60 - l**4/24 + l**3/3 + 4*l**2. Let h be q(-7). Calculate the greatest common factor of 45 and h.
9
Suppose -j = -4*h + 476, 0 = 2*h + 5*j + 11 - 227. Let d be (-13)/(-13)*(-1 + h). What is the highest common divisor of 13 and d?
13
Suppose 2*p - 42 = -2*x, -2*p + 77 = -2*x - 3*x. What is the greatest common divisor of p and 26?
26
Suppose -17*m = -14*m - 210. What is the greatest common factor of m and 20?
10
Suppose -5*v - 22 = 3*i, 3*v - 7*v - 3*i = 17. Let z = v + 6. What is the highest common divisor of 8 and z?
1
Suppose 0 = -2*d - 2*d + 84. Let j be (-124)/(-7) - (-6)/d. Calculate the highest common divisor of j and 9.
9
Let y(c) = -6*c**3 - 3*c**2 - 2*c + 2. Let t be y(-3). Calculate the greatest common divisor of 13 and t.
13
Suppose m + 3 = 10. Calculate the highest common factor of m and 28.
7
Let c = 24 + -12. What is the greatest common divisor of 108 and c?
12
Let s be (-7)/(-21) - (-28)/(-3). Let z be (s - 1)*(-8)/10. Let l = 41 + -21. Calculate the greatest common factor of z and l.
4
Let l(x) = x**3 - 6*x**2 + 3*x + 7. Let g be l(5). Let z be (-2)/(g - 885/(-297)). Calculate the greatest common factor of z and 9.
9
Suppose 0*i = -2*i - 3*z + 41, -5*z = 5*i - 105. Let h be 121*2 + 10/5 + -2. Calculate the highest common divisor of i and h.
22
Let q = -6 - -24. Let o be q + (-3 - (-1 + 0)). What is the highest common factor of 8 and o?
8
Let b be (-30)/(-4)*104/39. Suppose 0 = -5*z + 271 + 629. What is the highest common factor of b and z?
20
Let s(w) = -5*w - 15. Let b be s(-6). Calculate the greatest common factor of b and 60.
15
Let s(z) = -2*z + 10. Let v be s(4). Let j be (-234)/(-15) + 2/5. Calculate the highest common factor of j and v.
2
Let a = 2 + 7. Let g = -5 + a. Calculate the highest common divisor of 6 and g.
2
Let q(x) = 5*x**3 + x - 1. Let c be q(1). Suppose -4*v = -7*v + 45. Calculate the highest common factor of c and v.
5
Let c = 91 + 30. Suppose -3*i = 1 - 10. Suppose 0 = i*u - 15 - 18. Calculate the greatest common divisor of u and c.
11
Let s(z) = 6*z**3 - z**2 - z + 1. Let l be s(1). Suppose -3*c = -h + 10, -2*c + l = -3*h + 42. What is the greatest common divisor of h and 117?
13
Suppose 3*m + 0*m + 4*l - 25 = 0, -5*l + 20 = 3*m. Let p be (-1)/2*0 + 358. Let y = 523 - p. Calculate the highest common factor of m and y.
15
Suppose 12*g = 7*g + 490. What is the greatest common factor of 14 and g?
14
Let v(n) = n**3 + 11*n**2 - 12*n + 18. Let h be v(-12). Calculate the greatest common divisor of h and 54.
18
Suppose 37 = h + 5*t, -3*h + 3*t - t + 26 = 0. What is the highest common factor of h and 132?
12
Suppose 7*c = -c + 48. Calculate the greatest common factor of c and 42.
6
Suppose 4*k - 2*k = 44. What is the greatest common divisor of k and 176?
22
Let i(k) = k**3 + 8*k**2 - 12*k + 5. Let p = -4 + -5. Let x be i(p). Calculate the greatest common factor of x and 80.
16
Suppose 0 = 5*k + 2*u - 154, -2*u + 2 = -2. Let a be -3 - 0 - -4 - -1. Suppose -a*h + 28 = -12. Calculate the greatest common divisor of h and k.
10
Let j be (-3 + (5 - (0 + 3)))*-104. What is the greatest common factor of j and 260?
52
Let i(o) = 7*o**3 - 4*o**2 + 2*o + 1. Let q be i(2). Let v = 15 + 3. Calculate the greatest common factor of q and v.
9
Let c be ((-2)/6)/(10/(-2310)). Calculate the greatest common factor of c and 11.
11
Suppose 5*f - 46 = 14. Calculate the greatest common factor of 4 and f.
4
Let l(t) = 2*t**2 - 11*t - 65. Let q be l(-4). Calculate the greatest common divisor of 88 and q.
11
Let l be (-5)/10 - 78/4. Let p = 21 + l. What is the highest common factor of p and 3?
1
Let r(x) = -2*x**2 - x**2 + 2*x**2 - 1 + 5*x + 2*x. Let n be r(4). Calculate the greatest common divisor of n and 11.
11
Suppose -n - 3*a + 16 = 0, -a - 8 = -3*n - 0*a. Suppose 2*f - n = 2. Suppose f*l = -l + 8. What is the highest common factor of l and 5?
1
Suppose -q - 70 = -8*q. What is the highest common divisor of 5 and q?
5
Suppose 0*u = -u + 12. Suppose -3*z + u = z. Suppose 2*f + 38 = z*i, -3*i = -5*f - 18 - 32. Calculate the greatest common factor of 40 and i.
10
Suppose 4*j = 9*j - 5. Let l(d) = 5*d**3 - 2*d**2 + 1. Let g be l(j). Calculate the greatest common divisor of g and 2.
2
Let o be (0/(-1))/(0 - 2). Let m be (3/2)/((-6)/(-16)). Suppose o = m*n + 8 - 28, 0 = 4*j + 5*n - 57. Calculate the highest common divisor of 12 and j.
4
Let k = 1 + 9. What is the greatest common divisor of 10 and k?
10
Let i be (4 + 1)/(20/240). Calculate the greatest common divisor of 24 and i.
12
Suppose 5*i = 5*d - 388 - 107, -d + 90 = 2*i. W